{"id":149,"date":"2026-01-16T09:22:21","date_gmt":"2026-01-16T09:22:21","guid":{"rendered":"https:\/\/www.your-love-room.fr\/?page_id=149"},"modified":"2026-01-16T19:56:43","modified_gmt":"2026-01-16T19:56:43","slug":"atelier","status":"publish","type":"page","link":"https:\/\/www.your-love-room.fr\/index.php\/atelier\/","title":{"rendered":"Atelier"},"content":{"rendered":"\n<h2 class=\"wp-block-heading\">Atelier BDSM \u2013 D\u00e9couverte &amp; Confiance<\/h2>\n\n\n\n<figure class=\"wp-block-image size-large\"><img loading=\"lazy\" decoding=\"async\" width=\"1024\" height=\"975\" src=\"https:\/\/www.your-love-room.fr\/wp-content\/uploads\/2026\/01\/woman-218764_1280-1024x975.jpg\" alt=\"\" class=\"wp-image-150\" srcset=\"https:\/\/www.your-love-room.fr\/wp-content\/uploads\/2026\/01\/woman-218764_1280-1024x975.jpg 1024w, https:\/\/www.your-love-room.fr\/wp-content\/uploads\/2026\/01\/woman-218764_1280-300x286.jpg 300w, https:\/\/www.your-love-room.fr\/wp-content\/uploads\/2026\/01\/woman-218764_1280-768x731.jpg 768w, https:\/\/www.your-love-room.fr\/wp-content\/uploads\/2026\/01\/woman-218764_1280.jpg 1280w\" sizes=\"auto, (max-width: 1024px) 100vw, 1024px\" \/><\/figure>\n\n\n\n<p>Vivez une exp\u00e9rience unique \u00e0 deux gr\u00e2ce \u00e0 notre <strong>atelier BDSM privatif<\/strong>, con\u00e7u comme un moment d\u2019\u00e9change, de d\u00e9couverte et de confiance mutuelle.<br>Dans un cadre s\u00e9curisant, respectueux et confidentiel, cet atelier s\u2019adresse aussi bien aux couples curieux qu\u2019aux personnes souhaitant approfondir leurs bases.<\/p>\n\n\n\n<p>Accompagn\u00e9s avec bienveillance, vous d\u00e9couvrirez les <strong>fondements du BDSM<\/strong> : communication, consentement, limites, r\u00f4les et s\u00e9curit\u00e9. L\u2019approche est p\u00e9dagogique et progressive, centr\u00e9e sur l\u2019\u00e9coute, la complicit\u00e9 et le respect de chacun.<\/p>\n\n\n\n<p>Cet atelier permet d\u2019explorer de nouvelles sensations, de renforcer la connexion du couple et de vivre un moment diff\u00e9rent, toujours dans un cadre ma\u00eetris\u00e9 et non explicite.<\/p>\n\n\n\n<p>Une exp\u00e9rience intimiste, guid\u00e9e et personnalis\u00e9e, pour apprendre, comprendre et partager en toute confiance.<\/p>\n\n\n\n<p>Atelier environ 1h30 : 50 \u20ac<\/p>\n","protected":false},"excerpt":{"rendered":"<p>Atelier BDSM \u2013 D\u00e9couverte &amp; Confiance Vivez une exp\u00e9rience unique \u00e0 deux gr\u00e2ce \u00e0 notre atelier BDSM privatif, con\u00e7u comme un moment d\u2019\u00e9change, de d\u00e9couverte et de confiance mutuelle.Dans un cadre s\u00e9curisant, respectueux et confidentiel, cet atelier s\u2019adresse aussi bien aux couples curieux qu\u2019aux personnes souhaitant approfondir leurs bases. Accompagn\u00e9s avec bienveillance, vous d\u00e9couvrirez les [&hellip;]<\/p>\n","protected":false},"author":2,"featured_media":0,"parent":0,"menu_order":0,"comment_status":"closed","ping_status":"closed","template":"","meta":{"footnotes":""},"class_list":["post-149","page","type-page","status-publish","hentry"],"yoast_head":"<!-- This site is optimized with the Yoast SEO plugin v26.9 - https:\/\/yoast.com\/product\/yoast-seo-wordpress\/ -->\n<title>Atelier - Au grey de vos envies<\/title>\n<meta name=\"robots\" content=\"index, follow, max-snippet:-1, max-image-preview:large, max-video-preview:-1\" \/>\n<link rel=\"canonical\" href=\"https:\/\/www.your-love-room.fr\/index.php\/atelier\/\" \/>\n<meta property=\"og:locale\" content=\"fr_FR\" \/>\n<meta property=\"og:type\" content=\"article\" \/>\n<meta property=\"og:title\" content=\"Atelier - Au grey de vos envies\" \/>\n<meta property=\"og:description\" content=\"Atelier BDSM \u2013 D\u00e9couverte &amp; Confiance Vivez une exp\u00e9rience unique \u00e0 deux gr\u00e2ce \u00e0 notre atelier BDSM privatif, con\u00e7u comme un moment d\u2019\u00e9change, de d\u00e9couverte et de confiance mutuelle.Dans un cadre s\u00e9curisant, respectueux et confidentiel, cet atelier s\u2019adresse aussi bien aux couples curieux qu\u2019aux personnes souhaitant approfondir leurs bases. Accompagn\u00e9s avec bienveillance, vous d\u00e9couvrirez les [&hellip;]\" \/>\n<meta property=\"og:url\" content=\"https:\/\/www.your-love-room.fr\/index.php\/atelier\/\" \/>\n<meta property=\"og:site_name\" content=\"Au grey de vos envies\" \/>\n<meta property=\"article:modified_time\" content=\"2026-01-16T19:56:43+00:00\" \/>\n<meta property=\"og:image\" content=\"https:\/\/www.your-love-room.fr\/wp-content\/uploads\/2026\/01\/woman-218764_1280.jpg\" \/>\n\t<meta property=\"og:image:width\" content=\"1280\" \/>\n\t<meta property=\"og:image:height\" content=\"1219\" \/>\n\t<meta property=\"og:image:type\" content=\"image\/jpeg\" \/>\n<meta name=\"twitter:card\" content=\"summary_large_image\" \/>\n<meta name=\"twitter:label1\" content=\"Dur\u00e9e de lecture estim\u00e9e\" \/>\n\t<meta name=\"twitter:data1\" content=\"1 minute\" \/>\n<script type=\"application\/ld+json\" class=\"yoast-schema-graph\">{\"@context\":\"https:\/\/schema.org\",\"@graph\":[{\"@type\":\"WebPage\",\"@id\":\"https:\/\/www.your-love-room.fr\/index.php\/atelier\/\",\"url\":\"https:\/\/www.your-love-room.fr\/index.php\/atelier\/\",\"name\":\"Atelier - Au grey de vos envies\",\"isPartOf\":{\"@id\":\"https:\/\/www.your-love-room.fr\/#website\"},\"primaryImageOfPage\":{\"@id\":\"https:\/\/www.your-love-room.fr\/index.php\/atelier\/#primaryimage\"},\"image\":{\"@id\":\"https:\/\/www.your-love-room.fr\/index.php\/atelier\/#primaryimage\"},\"thumbnailUrl\":\"https:\/\/www.your-love-room.fr\/wp-content\/uploads\/2026\/01\/woman-218764_1280-1024x975.jpg\",\"datePublished\":\"2026-01-16T09:22:21+00:00\",\"dateModified\":\"2026-01-16T19:56:43+00:00\",\"breadcrumb\":{\"@id\":\"https:\/\/www.your-love-room.fr\/index.php\/atelier\/#breadcrumb\"},\"inLanguage\":\"fr-FR\",\"potentialAction\":[{\"@type\":\"ReadAction\",\"target\":[\"https:\/\/www.your-love-room.fr\/index.php\/atelier\/\"]}]},{\"@type\":\"ImageObject\",\"inLanguage\":\"fr-FR\",\"@id\":\"https:\/\/www.your-love-room.fr\/index.php\/atelier\/#primaryimage\",\"url\":\"https:\/\/www.your-love-room.fr\/wp-content\/uploads\/2026\/01\/woman-218764_1280.jpg\",\"contentUrl\":\"https:\/\/www.your-love-room.fr\/wp-content\/uploads\/2026\/01\/woman-218764_1280.jpg\",\"width\":1280,\"height\":1219},{\"@type\":\"BreadcrumbList\",\"@id\":\"https:\/\/www.your-love-room.fr\/index.php\/atelier\/#breadcrumb\",\"itemListElement\":[{\"@type\":\"ListItem\",\"position\":1,\"name\":\"Accueil\",\"item\":\"https:\/\/www.your-love-room.fr\/\"},{\"@type\":\"ListItem\",\"position\":2,\"name\":\"Atelier\"}]},{\"@type\":\"WebSite\",\"@id\":\"https:\/\/www.your-love-room.fr\/#website\",\"url\":\"https:\/\/www.your-love-room.fr\/\",\"name\":\"Au grey de vos envies\",\"description\":\"Votre Love Room en toute discr\u00e9tion\",\"potentialAction\":[{\"@type\":\"SearchAction\",\"target\":{\"@type\":\"EntryPoint\",\"urlTemplate\":\"https:\/\/www.your-love-room.fr\/?s={search_term_string}\"},\"query-input\":{\"@type\":\"PropertyValueSpecification\",\"valueRequired\":true,\"valueName\":\"search_term_string\"}}],\"inLanguage\":\"fr-FR\"}]}<\/script>\n<!-- \/ Yoast SEO plugin. -->","yoast_head_json":{"title":"Atelier - Au grey de vos envies","robots":{"index":"index","follow":"follow","max-snippet":"max-snippet:-1","max-image-preview":"max-image-preview:large","max-video-preview":"max-video-preview:-1"},"canonical":"https:\/\/www.your-love-room.fr\/index.php\/atelier\/","og_locale":"fr_FR","og_type":"article","og_title":"Atelier - Au grey de vos envies","og_description":"Atelier BDSM \u2013 D\u00e9couverte &amp; Confiance Vivez une exp\u00e9rience unique \u00e0 deux gr\u00e2ce \u00e0 notre atelier BDSM privatif, con\u00e7u comme un moment d\u2019\u00e9change, de d\u00e9couverte et de confiance mutuelle.Dans un cadre s\u00e9curisant, respectueux et confidentiel, cet atelier s\u2019adresse aussi bien aux couples curieux qu\u2019aux personnes souhaitant approfondir leurs bases. Accompagn\u00e9s avec bienveillance, vous d\u00e9couvrirez les [&hellip;]","og_url":"https:\/\/www.your-love-room.fr\/index.php\/atelier\/","og_site_name":"Au grey de vos envies","article_modified_time":"2026-01-16T19:56:43+00:00","og_image":[{"width":1280,"height":1219,"url":"https:\/\/www.your-love-room.fr\/wp-content\/uploads\/2026\/01\/woman-218764_1280.jpg","type":"image\/jpeg"}],"twitter_card":"summary_large_image","twitter_misc":{"Dur\u00e9e de lecture estim\u00e9e":"1 minute"},"schema":{"@context":"https:\/\/schema.org","@graph":[{"@type":"WebPage","@id":"https:\/\/www.your-love-room.fr\/index.php\/atelier\/","url":"https:\/\/www.your-love-room.fr\/index.php\/atelier\/","name":"Atelier - Au grey de vos envies","isPartOf":{"@id":"https:\/\/www.your-love-room.fr\/#website"},"primaryImageOfPage":{"@id":"https:\/\/www.your-love-room.fr\/index.php\/atelier\/#primaryimage"},"image":{"@id":"https:\/\/www.your-love-room.fr\/index.php\/atelier\/#primaryimage"},"thumbnailUrl":"https:\/\/www.your-love-room.fr\/wp-content\/uploads\/2026\/01\/woman-218764_1280-1024x975.jpg","datePublished":"2026-01-16T09:22:21+00:00","dateModified":"2026-01-16T19:56:43+00:00","breadcrumb":{"@id":"https:\/\/www.your-love-room.fr\/index.php\/atelier\/#breadcrumb"},"inLanguage":"fr-FR","potentialAction":[{"@type":"ReadAction","target":["https:\/\/www.your-love-room.fr\/index.php\/atelier\/"]}]},{"@type":"ImageObject","inLanguage":"fr-FR","@id":"https:\/\/www.your-love-room.fr\/index.php\/atelier\/#primaryimage","url":"https:\/\/www.your-love-room.fr\/wp-content\/uploads\/2026\/01\/woman-218764_1280.jpg","contentUrl":"https:\/\/www.your-love-room.fr\/wp-content\/uploads\/2026\/01\/woman-218764_1280.jpg","width":1280,"height":1219},{"@type":"BreadcrumbList","@id":"https:\/\/www.your-love-room.fr\/index.php\/atelier\/#breadcrumb","itemListElement":[{"@type":"ListItem","position":1,"name":"Accueil","item":"https:\/\/www.your-love-room.fr\/"},{"@type":"ListItem","position":2,"name":"Atelier"}]},{"@type":"WebSite","@id":"https:\/\/www.your-love-room.fr\/#website","url":"https:\/\/www.your-love-room.fr\/","name":"Au grey de vos envies","description":"Votre Love Room en toute discr\u00e9tion","potentialAction":[{"@type":"SearchAction","target":{"@type":"EntryPoint","urlTemplate":"https:\/\/www.your-love-room.fr\/?s={search_term_string}"},"query-input":{"@type":"PropertyValueSpecification","valueRequired":true,"valueName":"search_term_string"}}],"inLanguage":"fr-FR"}]}},"_links":{"self":[{"href":"https:\/\/www.your-love-room.fr\/index.php\/wp-json\/wp\/v2\/pages\/149","targetHints":{"allow":["GET"]}}],"collection":[{"href":"https:\/\/www.your-love-room.fr\/index.php\/wp-json\/wp\/v2\/pages"}],"about":[{"href":"https:\/\/www.your-love-room.fr\/index.php\/wp-json\/wp\/v2\/types\/page"}],"author":[{"embeddable":true,"href":"https:\/\/www.your-love-room.fr\/index.php\/wp-json\/wp\/v2\/users\/2"}],"replies":[{"embeddable":true,"href":"https:\/\/www.your-love-room.fr\/index.php\/wp-json\/wp\/v2\/comments?post=149"}],"version-history":[{"count":2,"href":"https:\/\/www.your-love-room.fr\/index.php\/wp-json\/wp\/v2\/pages\/149\/revisions"}],"predecessor-version":[{"id":155,"href":"https:\/\/www.your-love-room.fr\/index.php\/wp-json\/wp\/v2\/pages\/149\/revisions\/155"}],"wp:attachment":[{"href":"https:\/\/www.your-love-room.fr\/index.php\/wp-json\/wp\/v2\/media?parent=149"}],"curies":[{"name":"wp","href":"https:\/\/api.w.org\/{rel}","templated":true}]}}