{"id":32,"date":"2025-12-10T20:19:22","date_gmt":"2025-12-10T20:19:22","guid":{"rendered":"https:\/\/www.your-love-room.fr\/?page_id=32"},"modified":"2026-02-07T20:41:52","modified_gmt":"2026-02-07T20:41:52","slug":"les-massages","status":"publish","type":"page","link":"https:\/\/www.your-love-room.fr\/index.php\/les-massages\/","title":{"rendered":"Les Massages"},"content":{"rendered":"\n<p>Offrez-vous un moment privil\u00e9gi\u00e9 \u00e0 deux gr\u00e2ce \u00e0 notre <strong>option massage duo<\/strong> (possible \u00e9galement en solo), sp\u00e9cialement pens\u00e9e pour les couples en qu\u00eate de d\u00e9tente, de complicit\u00e9 et de reconnexion.<\/p>\n\n\n<div class=\"wp-block-image\">\n<figure class=\"aligncenter size-full is-resized\"><img loading=\"lazy\" decoding=\"async\" width=\"2560\" height=\"1920\" src=\"https:\/\/www.your-love-room.fr\/wp-content\/uploads\/2025\/12\/20230521_181400_web-scaled.jpg\" alt=\"\" class=\"wp-image-79\" style=\"width:607px;height:auto\"\/><\/figure>\n<\/div>\n\n\n<h2 class=\"wp-block-heading\"><strong>Massage californien ou \u00e0 la bougie en solo ou duo : 45 min<\/strong><\/h2>\n\n\n\n<p>Ce modelage est conseill\u00e9 pour les personnes stress\u00e9es, d\u00e9prim\u00e9es, fatigu\u00e9es, il peut d\u00e9clencher beaucoup d\u2019\u00e9motions\u2026  Il d\u00e9nouera vos tensions musculaires et vous apportera un sentiment de d\u00e9tente absolue. En outre, il est le modelage relaxant par excellence.<strong><br>Californien en duo : 80 \u20ac bougie + 10 \u20ac<\/strong><\/p>\n\n\n<div class=\"wp-block-image\">\n<figure class=\"aligncenter size-full is-resized\"><img loading=\"lazy\" decoding=\"async\" width=\"1280\" height=\"853\" src=\"https:\/\/www.your-love-room.fr\/wp-content\/uploads\/2025\/12\/massage-6520313_1280.jpg\" alt=\"\" class=\"wp-image-80\" style=\"width:595px;height:auto\"\/><\/figure>\n<\/div>\n\n\n<h2 class=\"wp-block-heading\"><strong>Le massage tantra en solo ou duo : 90 mns<\/strong><\/h2>\n\n\n\n<p>Dans une atmosph\u00e8re douce et chaleureuse, vous choisissez l\u2019exp\u00e9rience qui correspond le mieux \u00e0 votre \u00e9nergie du moment : <br>Le massage Tantra prend en compte l\u2019int\u00e9gralit\u00e9 du corps, y compris les organes g\u00e9nitaux. Chaque partie du corps fait partie du corps dans son ensemble comme les jambes ou le dos. Par ailleurs il n\u2019y a pas de focalisation sur les parties intimes elles sont mass\u00e9es comme les autres parties du corps. Malgr\u00e9 sa connotation sensuelle, le modelage tantrique n\u2019est pas une prestation \u00e9rotique. Il est, n\u00e9anmoins, un modelage permettant de se sentir en harmonie avec son corps, ce qui peut se r\u00e9v\u00e9ler b\u00e9n\u00e9fique pour sa vie sexuelle. C\u2019est dans un cadre respectueux, bienveillant et sacr\u00e9 que vous acc\u00e9derez \u00e0 un espace o\u00f9 les mots, les performances et les objectifs n\u2019existent plus. Et o\u00f9 il ne reste qu\u2019\u00e0 l\u00e2cher prise, se relaxer et laisser l\u2019\u00e9nergie affluer. Tr\u00e8s diff\u00e9rent du massage traditionnel, il est effectu\u00e9 sur un corps nu (si la nudit\u00e9 pose un probl\u00e8me nous pouvons en discuter).<\/p>\n\n\n\n<h2 class=\"wp-block-heading\"><strong>Le massage Rituel des sens soit en solo ou duo : 90 mns<\/strong><\/h2>\n\n\n\n<p>Nous avons cr\u00e9\u00e9 ce rituel pour les personnes en recherche de nouvelles sensations.\u00a0<strong>Attention ce n\u2019est pas un massage Tantra mais bien un rituel que nous avons con\u00e7u comprenant diff\u00e9rentes techniques de massage.<\/strong><br>Un rituel naturiste pour les mass\u00e9s et masseurs de 90 minutes ou certains de vos sens seront occult\u00e9s pour d\u00e9velopper les autres pendant ce voyage sensuel. Une exp\u00e9rience profonde, remplie d\u2019amour, un moment de confiance et d\u2019abandon. Le rituel prend en compte l\u2019int\u00e9gralit\u00e9 du corps, y compris les organes g\u00e9nitaux avec la stimulation de chaque zone \u00e9rog\u00e8ne. (en fonction de vos limites)<br>Un voyage sans la vue, le gout\u00a0<strong>juste le toucher et l\u2019odorat\u00a0<\/strong>(huile essentielle).<br>Le toucher de la plume, de la pierre de jade, des mains et biens d\u2019autres sensations.<br>Le massage peut vous amener \u00e0 r\u00e9agir et \u00e0 vous exprimer par divers bruits, et r\u00e9actions. Cela n\u2019a rien d\u2019anormal\u00a0et vous ne devez surtout pas vous efforcer de rester impassible, ce qui est contraire au laisser-aller.\u00a0<br>L\u2019expression des \u00e9motions est\u00a0tr\u00e8s b\u00e9n\u00e9fique ;\u00a0manifester\u00a0son plaisir n\u2019a rien de condamnable ou de honteux.<br><strong><br>Tantra ou Rituel des sens en duo 90 mns : 120 \u20ac au lieu de 180 \u20ac<\/strong><\/p>\n\n\n\n<p>Ces Tarifs sont pr\u00e9f\u00e9rentiels pour les locataires de la chambre.<\/p>\n\n\n\n<p>*Modelage et Massages li\u00e9s uniquement au bien-\u00eatre et non \u00e0 une pratique m\u00e9dicale ou sexuelle. Nos massages sont pratiqu\u00e9s par une femme et un homme dipl\u00f4m\u00e9.<\/p>\n\n\n\n<p>Les prestations sont des massages de d\u00e9tente faits de caresses et d\u2019effleurements et ne sont en aucune mani\u00e8re des actes th\u00e9rapeutiques ou m\u00e9dicaux tels que d\u00e9finis par l\u2019Article R4321-3 du Code de la Sant\u00e9 Publique, dispositions r\u00e9glementaires (D\u00e9cret n\u00b0 2004-802 du 29 juillet 2004 \u2013 JO du 8 ao\u00fbt 2004). Pour toute volont\u00e9 th\u00e9rapeutique, il est indispensable de consulter votre m\u00e9decin et\/ou kin\u00e9sith\u00e9rapeute qui lui seul pourra r\u00e9pondre \u00e0 vos besoins. Massage dans le lot et garonne et dordogne.<\/p>\n\n\n\n<p><a href=\"https:\/\/www.facebook.com\/loveroom47\">suivez nous sur Facebook <\/a><\/p>\n","protected":false},"excerpt":{"rendered":"<p>Offrez-vous un moment privil\u00e9gi\u00e9 \u00e0 deux gr\u00e2ce \u00e0 notre option massage duo (possible \u00e9galement en solo), sp\u00e9cialement pens\u00e9e pour les couples en qu\u00eate de d\u00e9tente, de complicit\u00e9 et de reconnexion. Massage californien ou \u00e0 la bougie en solo ou duo : 45 min Ce modelage est conseill\u00e9 pour les personnes stress\u00e9es, d\u00e9prim\u00e9es, fatigu\u00e9es, il peut [&hellip;]<\/p>\n","protected":false},"author":2,"featured_media":0,"parent":0,"menu_order":0,"comment_status":"closed","ping_status":"closed","template":"","meta":{"footnotes":""},"class_list":["post-32","page","type-page","status-publish","hentry"],"yoast_head":"<!-- This site is optimized with the Yoast SEO plugin v26.9 - https:\/\/yoast.com\/product\/yoast-seo-wordpress\/ -->\n<title>Les Massages - Au grey de vos envies<\/title>\n<meta name=\"robots\" content=\"index, follow, max-snippet:-1, max-image-preview:large, max-video-preview:-1\" \/>\n<link rel=\"canonical\" href=\"https:\/\/www.your-love-room.fr\/index.php\/les-massages\/\" \/>\n<meta property=\"og:locale\" content=\"fr_FR\" \/>\n<meta property=\"og:type\" content=\"article\" \/>\n<meta property=\"og:title\" content=\"Les Massages - Au grey de vos envies\" \/>\n<meta property=\"og:description\" content=\"Offrez-vous un moment privil\u00e9gi\u00e9 \u00e0 deux gr\u00e2ce \u00e0 notre option massage duo (possible \u00e9galement en solo), sp\u00e9cialement pens\u00e9e pour les couples en qu\u00eate de d\u00e9tente, de complicit\u00e9 et de reconnexion. Massage californien ou \u00e0 la bougie en solo ou duo : 45 min Ce modelage est conseill\u00e9 pour les personnes stress\u00e9es, d\u00e9prim\u00e9es, fatigu\u00e9es, il peut [&hellip;]\" \/>\n<meta property=\"og:url\" content=\"https:\/\/www.your-love-room.fr\/index.php\/les-massages\/\" \/>\n<meta property=\"og:site_name\" content=\"Au grey de vos envies\" \/>\n<meta property=\"article:modified_time\" content=\"2026-02-07T20:41:52+00:00\" \/>\n<meta property=\"og:image\" content=\"https:\/\/www.your-love-room.fr\/wp-content\/uploads\/2025\/12\/20230521_181400_web-scaled.jpg\" \/>\n\t<meta property=\"og:image:width\" content=\"2560\" \/>\n\t<meta property=\"og:image:height\" content=\"1920\" \/>\n\t<meta property=\"og:image:type\" content=\"image\/jpeg\" \/>\n<meta name=\"twitter:card\" content=\"summary_large_image\" \/>\n<meta name=\"twitter:label1\" content=\"Dur\u00e9e de lecture estim\u00e9e\" \/>\n\t<meta name=\"twitter:data1\" content=\"4 minutes\" \/>\n<script type=\"application\/ld+json\" class=\"yoast-schema-graph\">{\"@context\":\"https:\/\/schema.org\",\"@graph\":[{\"@type\":\"WebPage\",\"@id\":\"https:\/\/www.your-love-room.fr\/index.php\/les-massages\/\",\"url\":\"https:\/\/www.your-love-room.fr\/index.php\/les-massages\/\",\"name\":\"Les Massages - Au grey de vos envies\",\"isPartOf\":{\"@id\":\"https:\/\/www.your-love-room.fr\/#website\"},\"primaryImageOfPage\":{\"@id\":\"https:\/\/www.your-love-room.fr\/index.php\/les-massages\/#primaryimage\"},\"image\":{\"@id\":\"https:\/\/www.your-love-room.fr\/index.php\/les-massages\/#primaryimage\"},\"thumbnailUrl\":\"https:\/\/www.your-love-room.fr\/wp-content\/uploads\/2025\/12\/20230521_181400_web-scaled.jpg\",\"datePublished\":\"2025-12-10T20:19:22+00:00\",\"dateModified\":\"2026-02-07T20:41:52+00:00\",\"breadcrumb\":{\"@id\":\"https:\/\/www.your-love-room.fr\/index.php\/les-massages\/#breadcrumb\"},\"inLanguage\":\"fr-FR\",\"potentialAction\":[{\"@type\":\"ReadAction\",\"target\":[\"https:\/\/www.your-love-room.fr\/index.php\/les-massages\/\"]}]},{\"@type\":\"ImageObject\",\"inLanguage\":\"fr-FR\",\"@id\":\"https:\/\/www.your-love-room.fr\/index.php\/les-massages\/#primaryimage\",\"url\":\"https:\/\/www.your-love-room.fr\/wp-content\/uploads\/2025\/12\/20230521_181400_web-scaled.jpg\",\"contentUrl\":\"https:\/\/www.your-love-room.fr\/wp-content\/uploads\/2025\/12\/20230521_181400_web-scaled.jpg\",\"width\":2560,\"height\":1920},{\"@type\":\"BreadcrumbList\",\"@id\":\"https:\/\/www.your-love-room.fr\/index.php\/les-massages\/#breadcrumb\",\"itemListElement\":[{\"@type\":\"ListItem\",\"position\":1,\"name\":\"Accueil\",\"item\":\"https:\/\/www.your-love-room.fr\/\"},{\"@type\":\"ListItem\",\"position\":2,\"name\":\"Les Massages\"}]},{\"@type\":\"WebSite\",\"@id\":\"https:\/\/www.your-love-room.fr\/#website\",\"url\":\"https:\/\/www.your-love-room.fr\/\",\"name\":\"Au grey de vos envies\",\"description\":\"Votre Love Room en toute discr\u00e9tion\",\"potentialAction\":[{\"@type\":\"SearchAction\",\"target\":{\"@type\":\"EntryPoint\",\"urlTemplate\":\"https:\/\/www.your-love-room.fr\/?s={search_term_string}\"},\"query-input\":{\"@type\":\"PropertyValueSpecification\",\"valueRequired\":true,\"valueName\":\"search_term_string\"}}],\"inLanguage\":\"fr-FR\"}]}<\/script>\n<!-- \/ Yoast SEO plugin. -->","yoast_head_json":{"title":"Les Massages - Au grey de vos envies","robots":{"index":"index","follow":"follow","max-snippet":"max-snippet:-1","max-image-preview":"max-image-preview:large","max-video-preview":"max-video-preview:-1"},"canonical":"https:\/\/www.your-love-room.fr\/index.php\/les-massages\/","og_locale":"fr_FR","og_type":"article","og_title":"Les Massages - Au grey de vos envies","og_description":"Offrez-vous un moment privil\u00e9gi\u00e9 \u00e0 deux gr\u00e2ce \u00e0 notre option massage duo (possible \u00e9galement en solo), sp\u00e9cialement pens\u00e9e pour les couples en qu\u00eate de d\u00e9tente, de complicit\u00e9 et de reconnexion. Massage californien ou \u00e0 la bougie en solo ou duo : 45 min Ce modelage est conseill\u00e9 pour les personnes stress\u00e9es, d\u00e9prim\u00e9es, fatigu\u00e9es, il peut [&hellip;]","og_url":"https:\/\/www.your-love-room.fr\/index.php\/les-massages\/","og_site_name":"Au grey de vos envies","article_modified_time":"2026-02-07T20:41:52+00:00","og_image":[{"width":2560,"height":1920,"url":"https:\/\/www.your-love-room.fr\/wp-content\/uploads\/2025\/12\/20230521_181400_web-scaled.jpg","type":"image\/jpeg"}],"twitter_card":"summary_large_image","twitter_misc":{"Dur\u00e9e de lecture estim\u00e9e":"4 minutes"},"schema":{"@context":"https:\/\/schema.org","@graph":[{"@type":"WebPage","@id":"https:\/\/www.your-love-room.fr\/index.php\/les-massages\/","url":"https:\/\/www.your-love-room.fr\/index.php\/les-massages\/","name":"Les Massages - Au grey de vos envies","isPartOf":{"@id":"https:\/\/www.your-love-room.fr\/#website"},"primaryImageOfPage":{"@id":"https:\/\/www.your-love-room.fr\/index.php\/les-massages\/#primaryimage"},"image":{"@id":"https:\/\/www.your-love-room.fr\/index.php\/les-massages\/#primaryimage"},"thumbnailUrl":"https:\/\/www.your-love-room.fr\/wp-content\/uploads\/2025\/12\/20230521_181400_web-scaled.jpg","datePublished":"2025-12-10T20:19:22+00:00","dateModified":"2026-02-07T20:41:52+00:00","breadcrumb":{"@id":"https:\/\/www.your-love-room.fr\/index.php\/les-massages\/#breadcrumb"},"inLanguage":"fr-FR","potentialAction":[{"@type":"ReadAction","target":["https:\/\/www.your-love-room.fr\/index.php\/les-massages\/"]}]},{"@type":"ImageObject","inLanguage":"fr-FR","@id":"https:\/\/www.your-love-room.fr\/index.php\/les-massages\/#primaryimage","url":"https:\/\/www.your-love-room.fr\/wp-content\/uploads\/2025\/12\/20230521_181400_web-scaled.jpg","contentUrl":"https:\/\/www.your-love-room.fr\/wp-content\/uploads\/2025\/12\/20230521_181400_web-scaled.jpg","width":2560,"height":1920},{"@type":"BreadcrumbList","@id":"https:\/\/www.your-love-room.fr\/index.php\/les-massages\/#breadcrumb","itemListElement":[{"@type":"ListItem","position":1,"name":"Accueil","item":"https:\/\/www.your-love-room.fr\/"},{"@type":"ListItem","position":2,"name":"Les Massages"}]},{"@type":"WebSite","@id":"https:\/\/www.your-love-room.fr\/#website","url":"https:\/\/www.your-love-room.fr\/","name":"Au grey de vos envies","description":"Votre Love Room en toute discr\u00e9tion","potentialAction":[{"@type":"SearchAction","target":{"@type":"EntryPoint","urlTemplate":"https:\/\/www.your-love-room.fr\/?s={search_term_string}"},"query-input":{"@type":"PropertyValueSpecification","valueRequired":true,"valueName":"search_term_string"}}],"inLanguage":"fr-FR"}]}},"_links":{"self":[{"href":"https:\/\/www.your-love-room.fr\/index.php\/wp-json\/wp\/v2\/pages\/32","targetHints":{"allow":["GET"]}}],"collection":[{"href":"https:\/\/www.your-love-room.fr\/index.php\/wp-json\/wp\/v2\/pages"}],"about":[{"href":"https:\/\/www.your-love-room.fr\/index.php\/wp-json\/wp\/v2\/types\/page"}],"author":[{"embeddable":true,"href":"https:\/\/www.your-love-room.fr\/index.php\/wp-json\/wp\/v2\/users\/2"}],"replies":[{"embeddable":true,"href":"https:\/\/www.your-love-room.fr\/index.php\/wp-json\/wp\/v2\/comments?post=32"}],"version-history":[{"count":7,"href":"https:\/\/www.your-love-room.fr\/index.php\/wp-json\/wp\/v2\/pages\/32\/revisions"}],"predecessor-version":[{"id":194,"href":"https:\/\/www.your-love-room.fr\/index.php\/wp-json\/wp\/v2\/pages\/32\/revisions\/194"}],"wp:attachment":[{"href":"https:\/\/www.your-love-room.fr\/index.php\/wp-json\/wp\/v2\/media?parent=32"}],"curies":[{"name":"wp","href":"https:\/\/api.w.org\/{rel}","templated":true}]}}