{"id":34,"date":"2025-12-10T20:19:57","date_gmt":"2025-12-10T20:19:57","guid":{"rendered":"https:\/\/www.your-love-room.fr\/?page_id=34"},"modified":"2026-01-12T20:02:38","modified_gmt":"2026-01-12T20:02:38","slug":"les-options","status":"publish","type":"page","link":"https:\/\/www.your-love-room.fr\/index.php\/les-options\/","title":{"rendered":"Les Options"},"content":{"rendered":"\n<h2 class=\"wp-block-heading\">Repas dans notre salle ou servit en chambre<\/h2>\n\n\n\n<p class=\"has-vivid-red-color has-text-color has-link-color wp-elements-68f51b4d7c3fef40f6ea877fc2aa27fd\"><strong>Le Menu doit \u00eatre identique pour vous deux<\/strong><\/p>\n\n\n\n<p><strong>Entr\u00e9es :<\/strong><br>P\u00eache au thon sur lit de saumon<br>ou Assiette de charcuterie royale<br>ou Cassolettes aux noix de Saint-Jacques<br>ou Cab\u00e9cou au miel avec sa salade<br><strong>Plats :<\/strong><br>Saumon en papillote sauce beurre citronn\u00e9 accompagn\u00e9 de son riz citronn\u00e9<br>ou Demi magret de canard sauce au vin accompagn\u00e9 de pur\u00e9e et legumes<br>ou Hambuger maison accompagn\u00e9 de frites et salade<br>ou confit de canard avec Pommes de Terre Sarladaises et salade<br><strong>Desserts :<\/strong><br>Moelleux au chocolat et sa cr\u00e8me anglaise<br>Tarte aux pommes<br>Coupe de glace 3 boules avec sa chantilly<br>Assiette de fromages<br><strong>Tarif 30 \u20ac \/personne<\/strong><\/p>\n\n\n\n<h2 class=\"wp-block-heading\">Nos massages <\/h2>\n\n\n\n<p>Offrez-vous un moment privil\u00e9gi\u00e9 \u00e0 deux gr\u00e2ce \u00e0 notre\u00a0<strong>option massage duo<\/strong>\u00a0(possible \u00e9galement en solo), sp\u00e9cialement pens\u00e9e pour les couples en qu\u00eate de d\u00e9tente, de complicit\u00e9 et de reconnexion.<br><strong>Californien en solo : 45 \u20ac bougie + 5 \u20ac<br>Californien en duo : 80 \u20ac bougie + 10 \u20ac<\/strong><br><strong>Tantra en solo 90 mns : 80 \u20ac<br>Tantra en duo 90 mns : 120 \u20ac<\/strong><br><a data-type=\"page\" data-id=\"32\" href=\"https:\/\/www.your-love-room.fr\/index.php\/les-massages\/\">toutes les informations ici<\/a><\/p>\n\n\n\n<h2 class=\"wp-block-heading\">Votre surprise ou sc\u00e9nario !<\/h2>\n\n\n\n<p>Vous voulez organiser une surprise ou un sc\u00e9nario, nous serons vos complices pour cet \u00e9v\u00e9nement. Prestation gratuite ou payante en fonction de votre id\u00e9e !<\/p>\n","protected":false},"excerpt":{"rendered":"<p>Repas dans notre salle ou servit en chambre Le Menu doit \u00eatre identique pour vous deux Entr\u00e9es :P\u00eache au thon sur lit de saumonou Assiette de charcuterie royaleou Cassolettes aux noix de Saint-Jacquesou Cab\u00e9cou au miel avec sa saladePlats :Saumon en papillote sauce beurre citronn\u00e9 accompagn\u00e9 de son riz citronn\u00e9ou Demi magret de canard sauce [&hellip;]<\/p>\n","protected":false},"author":2,"featured_media":0,"parent":0,"menu_order":0,"comment_status":"closed","ping_status":"closed","template":"","meta":{"footnotes":""},"class_list":["post-34","page","type-page","status-publish","hentry"],"yoast_head":"<!-- This site is optimized with the Yoast SEO plugin v26.9 - https:\/\/yoast.com\/product\/yoast-seo-wordpress\/ -->\n<title>Les Options - Au grey de vos envies<\/title>\n<meta name=\"robots\" content=\"index, follow, max-snippet:-1, max-image-preview:large, max-video-preview:-1\" \/>\n<link rel=\"canonical\" href=\"https:\/\/www.your-love-room.fr\/index.php\/les-options\/\" \/>\n<meta property=\"og:locale\" content=\"fr_FR\" \/>\n<meta property=\"og:type\" content=\"article\" \/>\n<meta property=\"og:title\" content=\"Les Options - Au grey de vos envies\" \/>\n<meta property=\"og:description\" content=\"Repas dans notre salle ou servit en chambre Le Menu doit \u00eatre identique pour vous deux Entr\u00e9es :P\u00eache au thon sur lit de saumonou Assiette de charcuterie royaleou Cassolettes aux noix de Saint-Jacquesou Cab\u00e9cou au miel avec sa saladePlats :Saumon en papillote sauce beurre citronn\u00e9 accompagn\u00e9 de son riz citronn\u00e9ou Demi magret de canard sauce [&hellip;]\" \/>\n<meta property=\"og:url\" content=\"https:\/\/www.your-love-room.fr\/index.php\/les-options\/\" \/>\n<meta property=\"og:site_name\" content=\"Au grey de vos envies\" \/>\n<meta property=\"article:modified_time\" content=\"2026-01-12T20:02:38+00:00\" \/>\n<meta name=\"twitter:card\" content=\"summary_large_image\" \/>\n<meta name=\"twitter:label1\" content=\"Dur\u00e9e de lecture estim\u00e9e\" \/>\n\t<meta name=\"twitter:data1\" content=\"2 minutes\" \/>\n<script type=\"application\/ld+json\" class=\"yoast-schema-graph\">{\"@context\":\"https:\/\/schema.org\",\"@graph\":[{\"@type\":\"WebPage\",\"@id\":\"https:\/\/www.your-love-room.fr\/index.php\/les-options\/\",\"url\":\"https:\/\/www.your-love-room.fr\/index.php\/les-options\/\",\"name\":\"Les Options - Au grey de vos envies\",\"isPartOf\":{\"@id\":\"https:\/\/www.your-love-room.fr\/#website\"},\"datePublished\":\"2025-12-10T20:19:57+00:00\",\"dateModified\":\"2026-01-12T20:02:38+00:00\",\"breadcrumb\":{\"@id\":\"https:\/\/www.your-love-room.fr\/index.php\/les-options\/#breadcrumb\"},\"inLanguage\":\"fr-FR\",\"potentialAction\":[{\"@type\":\"ReadAction\",\"target\":[\"https:\/\/www.your-love-room.fr\/index.php\/les-options\/\"]}]},{\"@type\":\"BreadcrumbList\",\"@id\":\"https:\/\/www.your-love-room.fr\/index.php\/les-options\/#breadcrumb\",\"itemListElement\":[{\"@type\":\"ListItem\",\"position\":1,\"name\":\"Accueil\",\"item\":\"https:\/\/www.your-love-room.fr\/\"},{\"@type\":\"ListItem\",\"position\":2,\"name\":\"Les Options\"}]},{\"@type\":\"WebSite\",\"@id\":\"https:\/\/www.your-love-room.fr\/#website\",\"url\":\"https:\/\/www.your-love-room.fr\/\",\"name\":\"Au grey de vos envies\",\"description\":\"Votre Love Room en toute discr\u00e9tion\",\"potentialAction\":[{\"@type\":\"SearchAction\",\"target\":{\"@type\":\"EntryPoint\",\"urlTemplate\":\"https:\/\/www.your-love-room.fr\/?s={search_term_string}\"},\"query-input\":{\"@type\":\"PropertyValueSpecification\",\"valueRequired\":true,\"valueName\":\"search_term_string\"}}],\"inLanguage\":\"fr-FR\"}]}<\/script>\n<!-- \/ Yoast SEO plugin. -->","yoast_head_json":{"title":"Les Options - Au grey de vos envies","robots":{"index":"index","follow":"follow","max-snippet":"max-snippet:-1","max-image-preview":"max-image-preview:large","max-video-preview":"max-video-preview:-1"},"canonical":"https:\/\/www.your-love-room.fr\/index.php\/les-options\/","og_locale":"fr_FR","og_type":"article","og_title":"Les Options - Au grey de vos envies","og_description":"Repas dans notre salle ou servit en chambre Le Menu doit \u00eatre identique pour vous deux Entr\u00e9es :P\u00eache au thon sur lit de saumonou Assiette de charcuterie royaleou Cassolettes aux noix de Saint-Jacquesou Cab\u00e9cou au miel avec sa saladePlats :Saumon en papillote sauce beurre citronn\u00e9 accompagn\u00e9 de son riz citronn\u00e9ou Demi magret de canard sauce [&hellip;]","og_url":"https:\/\/www.your-love-room.fr\/index.php\/les-options\/","og_site_name":"Au grey de vos envies","article_modified_time":"2026-01-12T20:02:38+00:00","twitter_card":"summary_large_image","twitter_misc":{"Dur\u00e9e de lecture estim\u00e9e":"2 minutes"},"schema":{"@context":"https:\/\/schema.org","@graph":[{"@type":"WebPage","@id":"https:\/\/www.your-love-room.fr\/index.php\/les-options\/","url":"https:\/\/www.your-love-room.fr\/index.php\/les-options\/","name":"Les Options - Au grey de vos envies","isPartOf":{"@id":"https:\/\/www.your-love-room.fr\/#website"},"datePublished":"2025-12-10T20:19:57+00:00","dateModified":"2026-01-12T20:02:38+00:00","breadcrumb":{"@id":"https:\/\/www.your-love-room.fr\/index.php\/les-options\/#breadcrumb"},"inLanguage":"fr-FR","potentialAction":[{"@type":"ReadAction","target":["https:\/\/www.your-love-room.fr\/index.php\/les-options\/"]}]},{"@type":"BreadcrumbList","@id":"https:\/\/www.your-love-room.fr\/index.php\/les-options\/#breadcrumb","itemListElement":[{"@type":"ListItem","position":1,"name":"Accueil","item":"https:\/\/www.your-love-room.fr\/"},{"@type":"ListItem","position":2,"name":"Les Options"}]},{"@type":"WebSite","@id":"https:\/\/www.your-love-room.fr\/#website","url":"https:\/\/www.your-love-room.fr\/","name":"Au grey de vos envies","description":"Votre Love Room en toute discr\u00e9tion","potentialAction":[{"@type":"SearchAction","target":{"@type":"EntryPoint","urlTemplate":"https:\/\/www.your-love-room.fr\/?s={search_term_string}"},"query-input":{"@type":"PropertyValueSpecification","valueRequired":true,"valueName":"search_term_string"}}],"inLanguage":"fr-FR"}]}},"_links":{"self":[{"href":"https:\/\/www.your-love-room.fr\/index.php\/wp-json\/wp\/v2\/pages\/34","targetHints":{"allow":["GET"]}}],"collection":[{"href":"https:\/\/www.your-love-room.fr\/index.php\/wp-json\/wp\/v2\/pages"}],"about":[{"href":"https:\/\/www.your-love-room.fr\/index.php\/wp-json\/wp\/v2\/types\/page"}],"author":[{"embeddable":true,"href":"https:\/\/www.your-love-room.fr\/index.php\/wp-json\/wp\/v2\/users\/2"}],"replies":[{"embeddable":true,"href":"https:\/\/www.your-love-room.fr\/index.php\/wp-json\/wp\/v2\/comments?post=34"}],"version-history":[{"count":7,"href":"https:\/\/www.your-love-room.fr\/index.php\/wp-json\/wp\/v2\/pages\/34\/revisions"}],"predecessor-version":[{"id":134,"href":"https:\/\/www.your-love-room.fr\/index.php\/wp-json\/wp\/v2\/pages\/34\/revisions\/134"}],"wp:attachment":[{"href":"https:\/\/www.your-love-room.fr\/index.php\/wp-json\/wp\/v2\/media?parent=34"}],"curies":[{"name":"wp","href":"https:\/\/api.w.org\/{rel}","templated":true}]}}